is divided by 117?
115
Calculate the remainder when 775 is divided by 3.
1
What is the remainder when 248 is divided by 83?
82
Calculate the remainder when 16 is divided by 5.
1
Calculate the remainder when 130 is divided by 7.
4
Calculate the remainder when 22 is divided by 3.
1
What is the remainder when 11423 is divided by 127?
120
What is the remainder when 1626 is divided by 412?
390
Calculate the remainder when 1218 is divided by 252.
210
Calculate the remainder when 4021 is divided by 27.
25
Calculate the remainder when 778 is divided by 550.
228
What is the remainder when 418 is divided by 54?
40
What is the remainder when 911 is divided by 83?
81
Calculate the remainder when 8509 is divided by 14.
11
Calculate the remainder when 9469 is divided by 64.
61
What is the remainder when 776 is divided by 21?
20
What is the remainder when 1825 is divided by 908?
9
What is the remainder when 299 is divided by 56?
19
Calculate the remainder when 517 is divided by 9.
4
Calculate the remainder when 1085 is divided by 99.
95
Calculate the remainder when 372 is divided by 88.
20
Calculate the remainder when 165 is divided by 41.
1
Calculate the remainder when 110 is divided by 60.
50
What is the remainder when 2608 is divided by 90?
88
What is the remainder when 237 is divided by 27?
21
What is the remainder when 39 is divided by 21?
18
Calculate the remainder when 601 is divided by 7.
6
What is the remainder when 373 is divided by 34?
33
What is the remainder when 90 is divided by 29?
3
Calculate the remainder when 151 is divided by 51.
49
What is the remainder when 228 is divided by 56?
4
Calculate the remainder when 1075 is divided by 90.
85
What is the remainder when 190 is divided by 14?
8
Calculate the remainder when 1669 is divided by 44.
41
Calculate the remainder when 729 is divided by 61.
58
Calculate the remainder when 187 is divided by 17.
0
Calculate the remainder when 45 is divided by 4.
1
What is the remainder when 3497 is divided by 69?
47
What is the remainder when 490 is divided by 99?
94
Calculate the remainder when 350 is divided by 28.
14
Calculate the remainder when 1407 is divided by 237.
222
Calculate the remainder when 111 is divided by 39.
33
What is the remainder when 234 is divided by 108?
18
What is the remainder when 183 is divided by 55?
18
What is the remainder when 4538 is divided by 1506?
20
Calculate the remainder when 3966 is divided by 1321.
3
Calculate the remainder when 2293 is divided by 45.
43
What is the remainder when 1303 is divided by 32?
23
Calculate the remainder when 395 is divided by 18.
17
Calculate the remainder when 844 is divided by 106.
102
Calculate the remainder when 2559 is divided by 122.
119
What is the remainder when 53 is divided by 15?
8
Calculate the remainder when 414 is divided by 104.
102
Calculate the remainder when 195 is divided by 53.
36
Calculate the remainder when 93 is divided by 35.
23
Calculate the remainder when 90 is divided by 32.
26
What is the remainder when 31 is divided by 27?
4
Calculate the remainder when 60 is divided by 13.
8
Calculate the remainder when 245 is divided by 35.
0
What is the remainder when 1219 is divided by 599?
21
What is the remainder when 111 is divided by 19?
16
Calculate the remainder when 3257 is divided by 233.
228
What is the remainder when 2658 is divided by 54?
12
What is the remainder when 356 is divided by 18?
14
Calculate the remainder when 229 is divided by 22.
9
Calculate the remainder when 120 is divided by 54.
12
What is the remainder when 7475 is divided by 12?
11
What is the remainder when 217 is divided by 22?
19
What is the remainder when 366 is divided by 46?
44
What is the remainder when 214 is divided by 27?
25
Calculate the remainder when 12195 is divided by 122.
117
What is the remainder when 1709 is divided by 21?
8
What is the remainder when 55 is divided by 15?
10
What is the remainder when 187 is divided by 5?
2
What is the remainder when 49 is divided by 19?
11
Calculate the remainder when 1377 is divided by 92.
89
What is the remainder when 3122 is divided by 23?
17
Calculate the remainder when 299 is divided by 64.
43
What is the remainder when 934 is divided by 18?
16
Calculate the remainder when 362 is divided by 13.
11
Calculate the remainder when 4926 is divided by 159.
156
Calculate the remainder when 625 is divided by 45.
40
Calculate the remainder when 85 is divided by 81.
4
What is the remainder when 181 is divided by 61?
59
Calculate the remainder when 290 is divided by 101.
88
Calculate the remainder when 106 is divided by 4.
2
Calculate the remainder when 202 is divided by 73.
56
What is the remainder when 27323 is divided by 66?
65
Calculate the remainder when 14764 is divided by 69.
67
Calculate the remainder when 394 is divided by 392.
2
Calculate the remainder when 3159 is divided by 29.
27
What is the remainder when 2739 is divided by 20?
19
What is the remainder when 73 is divided by 47?
26
What is the remainder when 28 is divided by 22?
6
Calculate the remainder when 721 is divided by 141.
16
Calculate the remainder when 465 is divided by 111.
21
Calculate the remainder when 57 is divided by 32.
25
What is the remainder when 230 is divided by 39?
35
Calculate the remainder when 154 is divided by 28.
14
Calculate the remainder when 1661 is divided by 279.
266
Calculate the remainder when 785 is divided by 15.
5
What is the remainder when 46438 is divided by 430?
428
What is the remainder when 90 is divided by 27?
9
Calculate the remainder when 4088 is divided by 22.
18
What is the remainder when 986 is divided by 115?
66
What is the remainder when 82 is divided by 26?
4
What is the remainder when 372 is divided by 15?
12
Calculate the remainder when 1361 is divided by 305.
141
What is the remainder when 170 is divided by 29?
25
Calculate the remainder when 10714 is divided by 141.
139
Calculate the remainder when 3914 is divided by 22.
20
What is the remainder when 440 is divided by 21?
20
What is the remainder when 4920 is divided by 42?
6
Calculate the remainder when 6647 is divided by 38.
35
What is the remainder when 541 is divided by 530?
11
Calculate the remainder when 296 is divided by 8.
0
Calculate the remainder when 901 is divided by 41.
40
What is the remainder when 1406 is divided by 67?
66
What is the remainder when 179 is divided by 18?
17
What is the remainder when 573 is divided by 25?
23
What is the remainder when 926 is divided by 32?
30
What is the remainder when 1001 is divided by 101?
92
What is the remainder when 420 is divided by 86?
76
Calculate the remainder when 918 is divided by 863.
55
Calculate the remainder when 285 is divided by 16.
13
Calculate the remainder when 153 is divided by 31.
29
What is the remainder when 1858 is divided by 15?
13
What is the remainder when 46 is divided by 27?
19
Calculate the remainder when 139 is divided by 28.
27
Calculate the remainder when 122 is divided by 65.
57
What is the remainder when 132 is divided by 7?
6
Calculate the remainder when 82 is divided by 26.
4
What is the remainder when 3171 is divided by 23?
20
Calculate the remainder when 5640 is divided by 13.
11
Calculate the remainder when 419 is divided by 30.
29
What is the remainder when 18504 is divided by 19?
17
Calculate the remainder when 943 is divided by 314.
1
Calculate the remainder when 799 is divided by 245.
64
What is the remainder when 49 is divided by 27?
22
Calculate the remainder when 2509 is divided by 31.
29
Calculate the remainder when 173 is divided by 3.
2
Calculate the remainder when 65 is divided by 17.
14
What is the remainder when 721 is divided by 26?
19
What is the remainder when 1481 is divided by 16?
9
What is the remainder when 286 is divided by 74?
64
What is the remainder when 147 is divided by 77?
70
What is the remainder when 372 is divided by 96?
84
What is the remainder when 772 is divided by 18?
16
What is the remainder when 194 is divided by 13?
12
Calculate the remainder when 5854 is divided by 1169.
9
What is the remainder when 199 is divided by 54?
37
Calculate the remainder when 7188 is divided by 13.
12
Calculate the remainder when 299 is divided by 15.
14
Calculate the remainder when 276 is divided by 15.
6
Calculate the remai